Let k(c) be the first derivative of -5*c**3/3 - 3*c**2/2 - c - 2. Let s(o) = 11*k(o) - 6*z(o). What is s(-4)?
-3
Let a(v) = v**2 + 7*v + 1. Let m = 19 - 24. Calculate a(m).
-9
Let c be (-1)/(((-1)/2)/1). Suppose 2*l + c*l = 5*v - 2, 0 = -2*v - l + 6. Let a be (-2 + 2)*(v + -1). Let o(h) = -h - 8. Calculate o(a).
-8
Suppose -t = 3*t. Suppose -g + t = 5. Let m(c) = -c**2 - 5*c + 7. Calculate m(g).
7
Let x(y) = -2*y - 1. Suppose 0 = -3*h - h - 12. Let a(q) = q**3 - q**2 - 3*q + 1. Let p be a(2). Let m be (-1)/(2 + p) - h. Determine x(m).
-5
Suppose 3 + 2 = -5*o. Let n(u) = 3*u - 1. Calculate n(o).
-4
Let v(w) = -8*w**2 - 4*w - 1 + 7*w**2 - 3*w + 4*w. Let m(l) = 3*l**3 - l**2 - l. Let k be m(-1). Let x be v(k). Let t(o) = -3*o**3 + 2*o**2 + o. Determine t(x).
4
Let q(a) = a**2 - 8*a - 11. Let d be q(9). Let b be 5/2 - 1/d. Let v(g) = -g**3 + 4*g**2 - g + 1. Calculate v(b).
7
Let m(i) = i - 3. Let w be 6/8*(-80)/(-4). Suppose -9 = p + 2*d, 0*p = -p + 4*d + w. Let v be (p/(-1) + -1)/1. Give m(v).
-3
Let y(f) = -f. Let d(v) = 2*v. Let q(c) = 2*d(c) + 5*y(c). Give q(1).
-1
Let p(c) = c**3 - 7*c**2 + 5*c + 4. Suppose -9*u - 24 = -13*u. What is p(u)?
-2
Let i be (-1)/(-5) - (-162)/(-10). Let f be 1/(-4) - 52/i. Let q(n) = -2*n**2 - n - n**3 + f*n**2 + 2*n**2. What is q(3)?
-3
Let r = -1 - -3. Suppose r*n + 8 = 6*n. Let v(u) = u**2 - 4*u - 1. Determine v(n).
-5
Let o be 11/3 - (-2)/(-3). Let r(v) = -5*v + o*v - 3 + 4 + 0*v + 6*v**2. Let j be r(1). Let w(n) = n**2 - 6*n + 2. Determine w(j).
-3
Suppose -q + 4*q + 7 = 2*i, 4*i - 3 = -5*q. Let x(f) = -3*f + i*f**2 - 3 - f**2 + 3*f + f. Give x(-3).
3
Suppose 5*i - 35 = -4*x, 0*i = 5*i + 5*x - 40. Let a be (-1)/(-1 + (-9)/(-12)). Let n(w) = -a*w**2 + w**2 + w**2 + 3*w - 4 + 7. Determine n(i).
-6
Let y(a) = -3*a**3 + 4*a**2. Let u(h) = -10*h**3 + 13*h**2 + h - 1. Let s(n) = -2*u(n) + 7*y(n). Suppose 5*i = 5*c + 5, c = -2*c + 3. Determine s(i).
-2
Let y(w) = w - 4. Suppose 14 = -10*k + 84. What is y(k)?
3
Let t(p) = 3*p**2 - 2 - p**2 - 3*p**2. Let n(j) = -j - 9. Let y be n(0). Let u be 0/(y/(-3))*-1. Calculate t(u).
-2
Let t(u) = -3*u**2 - 2*u + 2. Let b(w) = w - 5. Let j be b(3). Give t(j).
-6
Let w be (-4)/(-10) - 18/(-5). Let n(d) be the third derivative of 0*d - 3*d**2 + 1/120*d**6 - 1/24*d**w + 1/60*d**5 + 0 - 1/6*d**3. Give n(-2).
-3
Let o(z) = -z - 2. Let i(j) = 14*j + 2. Let d be i(2). Suppose -9 = -3*t - d. Let x(f) = -f**2 - 8*f - 5. Let u be x(t). Determine o(u).
-4
Let l(h) = -h**2 - h + 3. Let i(u) = -u**3 + 7*u**2 - 5*u - 6. Let s be i(6). Let q be l(s). Let z(d) = d**2 - 6*d + 3. Determine z(q).
-6
Let i(h) be the third derivative of 1/6*h**3 + 0 + 1/24*h**4 + 0*h - 5*h**2. Give i(-2).
-1
Let m(k) = -k**3 - 7*k**2 - 2*k - 10. Let q(b) = -b**2 - 30*b + 24. Let w be q(-31). Calculate m(w).
4
Let d be 2/(0 + 2) - -3. Let f(o) = -d + 5 - o + 2*o - 3. Calculate f(-4).
-6
Let t(r) = -r**3 + r**2 + 2. Let c be t(0). Let z(p) = -5*p**2 + 0 - p**3 - 2 + c*p + 4. Let u = 13 - 18. What is z(u)?
-8
Let m = -14 + 18. Let j(h) = -h**3 + 4*h**2 - h + 5. Determine j(m).
1
Let h(v) = -v**2 + 5*v + 2. Suppose -4*d + 0*d + 48 = 0. Let n = -6 + d. What is h(n)?
-4
Suppose 0 = 2*k + k - 6. Let f(z) = z + 1. Let m(y) = -4*y - 6. Let c(s) = 16*f(s) + 3*m(s). Calculate c(k).
6
Let f(z) = -5 + z + 0*z + 0*z + 4. Let s(w) = 2*w - 4 + 7 - 4*w**2 + 3*w**2. Let p be s(4). What is f(p)?
-6
Let m(y) be the third derivative of -1/24*y**4 + 3*y**2 + 0 - 1/15*y**5 + 0*y + 0*y**3. Let b = 3 + -2. Calculate m(b).
-5
Let i(j) be the second derivative of j**4/8 + j**3/6 + 4*j**2 + 2*j. Let r(h) be the first derivative of i(h). Determine r(-1).
-2
Let k(t) = -5*t**2 - 1. Let j(y) = 14*y**2 + 3. Let m(d) = 6*j(d) + 17*k(d). Determine m(2).
-3
Let u(w) = 3*w + 4. Let j = 46 + -66. Let a = j - -13. Let v be (-6 - a)*(-2 + -1). Calculate u(v).
-5
Suppose -4*g = 18 + 2. Let l = g + 3. Let y(x) = 3*x**2 + 2. What is y(l)?
14
Let v be (1/3)/((-5)/(-60)). Let m(o) = -o**3 + 3*o**2 + 2*o + 5. Give m(v).
-3
Let g(f) = 1 + f - 2*f - 3*f**2 + f**2 + f**3. Suppose -r - 4 - 4 = -2*k, 25 = 5*r + 3*k. Calculate g(r).
-1
Let g(u) = u**2 - 6*u + 5. Let k be g(4). Suppose 3*x - 3 = 0, -5*p + 0*p + 34 = -x. Let c(o) = 6*o + 5*o - p*o. Give c(k).
-12
Let x(b) be the second derivative of -b**4/12 + b**3/2 + 5*b**2/2 - 2*b. Calculate x(4).
1
Let a(b) = 5*b**3 - 7*b**2 - 6*b + 6. Let j(o) = 4*o**3 - 6*o**2 - 5*o + 5. Let p(y) = 3*a(y) - 4*j(y). Suppose -5*d - 4 = -19. What is p(d)?
4
Let w = 26 + -23. Let f(l) = -3*l. Calculate f(w).
-9
Suppose 0*p - 6 = 2*p - 3*r, -4*r = -2*p - 10. Let t(y) be the second derivative of 0 - 1/6*y**p + 2*y + y**2. Calculate t(0).
2
Let t(a) be the second derivative of a**5/20 - a**4/3 + a**3/6 + 3*a**2/2 - a. Suppose -5*n = -3*s - 48, 3*n + 36 = -s - 2*n. Let i be s/14 + 9/2. What is t(i)?
-3
Let n be (2 - (4 - 3))*-2. Let z(b) = -b - 21 + 19 + 3*b + 0*b. Calculate z(n).
-6
Let c be ((-18)/(-15))/(2/5). Let g(k) = 3 + 2*k + 4*k**2 - k + k**c - 1 - 3*k. Let w = 1 - 5. Determine g(w).
10
Let i(g) be the second derivative of -5/6*g**3 - 5/12*g**4 + 0 - 4*g**2 + 1/20*g**5 - 7*g. What is i(6)?
-2
Suppose 0 = 4*w - 2*w - 8. Suppose w*l - 9*l = 35. Let a(p) = -p - 8. Give a(l).
-1
Let d(j) = -6*j**3 - 11*j**2 + 2*j + 4. Let f(x) = -7*x**3 - 12*x**2 + x + 4. Let t(b) = -6*d(b) + 5*f(b). Calculate t(-7).
-4
Let s(n) = -n**2 - 5*n - 12. Let d(j) = -j + 1. Let q(h) = 3*d(h) + s(h). Determine q(-7).
-2
Let p(h) = 2*h**2 - 14*h**3 + 3*h**2 - 1 + 2*h - 4*h**2 - h. Determine p(1).
-13
Let q(n) be the second derivative of n**3/6 - 6*n**2 - 3*n. Determine q(0).
-12
Let r be (-1 + (-4)/(-6))*-18. Let h(j) = -5*j + r*j**2 + j**2 - 7 - j**2 + j**3. Let y(q) = -q. Let x(m) = -h(m) + 4*y(m). What is x(-6)?
1
Let s(a) = -a**3 + 4*a**2 + 2*a + 7. Let q be 1 - (-2)/(2/(-13)). Let d = 20 - q. Let u be 5/(-15) + d/6. What is s(u)?
-8
Suppose -n = -0*n. Suppose 2*g + n*g = 10. Let t(h) be the third derivative of h**6/120 - h**5/10 + 5*h**4/24 - h**3/3 + 3*h**2. Calculate t(g).
-2
Suppose 4*g - y = -g + 18, -3*g + 6 = -3*y. Let s(k) = k - 4. What is s(g)?
0
Suppose -17 + 5 = 6*m. Let l(s) = s**3 - s**2 - 3*s - 1. Determine l(m).
-7
Let y = -7 + 4. Let v(s) be the third derivative of 0 + 1/24*s**4 - 1/6*s**3 - s**2 + 0*s. What is v(y)?
-4
Let g(z) = -z**2 - 22*z + 23. Let f be g(-23). Let a(k) be the third derivative of -k**5/60 - k**4/24 + 5*k**3/6 + k**2. Determine a(f).
5
Suppose -4*g = -9*g + 10. Let i(s) = 2*s**g - 4 - 2*s - 3*s + 7*s. Give i(-3).
8
Let p(r) be the first derivative of -3*r**2 - 2*r - 47. Calculate p(-2).
10
Let m(q) = -5*q - 1. Let z be (2*2/8)/(6/(-24)). What is m(z)?
9
Suppose n + 12 = 3*n. Let y(u) = -u + 4. What is y(n)?
-2
Let c(z) = z**3 + 4*z**2 - z + 3. Suppose -g - 3 = k, -4*g - 6 = -2*k + 18. Give c(g).
-17
Let r(s) = -s**3 - 6*s**2 - 4*s + 3. Let n be r(-5). Let y(g) be the third derivative of -g**6/120 - g**5/60 + g**4/24 - g**3/6 + g**2. What is y(n)?
1
Let z(a) = -2 + 2*a - a**2 + 3*a**2 + 0*a**2. Let j be 1 - (0 + -21) - 2. Suppose -5*u + j = -5*g, 2*g = 2*u - 4*u. Calculate z(g).
2
Let l(g) = 5*g**2 + 7*g - 4. Let x(z) = -9*z**2 - 13*z + 7. Let a(q) = 11*l(q) + 6*x(q). Give a(3).
4
Let j = 11/138 - -2/23. Let r(f) be the second derivative of -j*f**3 + 0 - f + 1/2*f**2. Determine r(0).
1
Let n(v) = v**2 - 1 + 4*v - 3*v + 0*v + v**2. Calculate n(-2).
5
Let y(h) = -h**3 + 5*h**2 + 8*h + 2. Let o = -5 + 11. Determine y(o).
14
Let n(u) be the second derivative of 4*u + 3*u**2 + 1/6*u**3 + 0. Calculate n(-5).
1
Let s = -4 - 5. Let n(t) = -t**2 - 9*t - 5. Let k be n(s). Let a(y) = 4*y - y + 0*y**2 + y**2 - 5. Give a(k).
5
Let c(f) = 6*f + 5. Let z(u) = 3*u + 3. Let t(a) = -3*c(a) + 5*z(a). Give t(-1).
3
Let c(y) = y**2 + y + 1. Let t(l) = -14*l - 3. Let x(g) = -5*g - 1. Let k(a) = 4*t(a) - 11*x(a). Let w(s) = 2*c(s) + k(s). Let u = -4 + 2. Calculate w(u).
7
Let a be 2 + 10*(-5)/30. Let j(f) be the second derivative of -a*f**3 - f + 0 - 3/4*f**4 + 1/2*f**2. Determine j(1).
-10
Let w(k) = -k**3 - k**2 - 1. Let o(q) = 7*q**3 + 2*q**2 - 6*q + 10. Let d(g) = -o(g) - 6*w(g). Let r(j) = j - 4. Let m be r(9). Calculate d(m).
1
Let f = 3 + -10. Let b(c) = -8*c**3 + 4*c**2 - 9*c - 8. Let a(o) = 7*o**3 - 4*o**2 + 8*o + 7. Let j(d) =